+ 4*j - 26 = 0, 13*j = -4*y + 11*j + 76. Suppose 0 = -m - 5*c + 1187, 23*m + 5*c - 2349 = y*m. What is the thousands digit of m?
1
Suppose -1848 = -5*r - 413. Let j = -61 + r. What is the units digit of j?
6
Let n be 387/7 - 2/7. Suppose n = -a + 6*a. Suppose -c + 43 = -a. What is the units digit of c?
4
Suppose 21*h + 1696 = 25*h. Suppose 77*l = 76*l + h. What is the hundreds digit of l?
4
Suppose 0 = 49*a - 59*a - 13910. Let c = -794 - a. What is the tens digit of c?
9
Let o(a) = 7*a - 24. Let t(m) = 7*m - 23. Let h(w) = 4*o(w) - 5*t(w). Let g be h(-9). What is the tens digit of g/(3/(12/8))?
4
Let s = 292 - 289. Suppose -362 - 199 = -s*y. What is the hundreds digit of y?
1
Let c(w) = -13*w - 49. Let u be c(-4). Suppose -1326 = -u*s - 3*x + 7*x, 0 = 3*s - 3*x - 1329. What is the units digit of s?
6
Suppose 4*r - 2*l = 55044, -3*l + 33365 + 21659 = 4*r. What is the ten thousands digit of r?
1
Let h(j) = 21*j**2 + 58*j - 431. What is the thousands digit of h(20)?
9
Let l(j) = 2*j**2 - 36*j - 222. Suppose 71 = -7*g - 34. What is the tens digit of l(g)?
6
What is the thousands digit of -6*16/(-144)*66237?
4
What is the hundreds digit of (-1)/4 - (-110)/(-352)*-6484?
0
Let o(c) = -c - 635*c**2 - 27 + 7*c**3 - 4*c**3 + 632*c**2 - 2*c**3. What is the hundreds digit of o(8)?
2
Let q(o) be the first derivative of -o**5/20 - o**4/3 + 3*o**3/2 - o**2/2 - 8*o + 1. Let g(z) be the first derivative of q(z). What is the units digit of g(-6)?
7
Suppose 4*v + 7 - 8 = 3*t, -5*v + 3*t + 2 = 0. Let k(f) = 535*f**3 + 3*f**2 - f. What is the hundreds digit of k(v)?
5
Let a be 2/(-16) - (-2889)/72. What is the hundreds digit of (15/4)/5 - (-39810)/a?
9
Let z(j) = 3*j**2 + 2*j**2 - j - 6*j**2 - 21 + 0*j**2. Let m be z(0). Let l = 84 + m. What is the units digit of l?
3
Suppose 2*l + 2*j = -28, -j = -0*j. What is the tens digit of (l + 13 - (-1 + -2))*314?
2
Let s(d) be the second derivative of -6*d**2 + 0 + 19/2*d**3 - 30*d. What is the tens digit of s(3)?
5
Suppose -s + d = 38453, 5*s + 2*d = 2*s - 115334. What is the hundreds digit of s/(-120) - 4*2/20?
3
Let y = 1 - 248. Let j = y + 285. What is the tens digit of j?
3
Suppose f - 3*v = 8, -f - v - 1 = 3. What is the hundreds digit of (-375 + 2 + 2)*f?
3
Let b(p) = -2*p**2 + 31*p + 20. Let s be b(16). Suppose 4*g - 1495 = 3*u, -3*u + 1464 + 49 = s*g. What is the hundreds digit of g?
3
Let y = -118 - 105. Let g = -89 - y. What is the hundreds digit of g?
1
Let d(q) = 2039*q - 1710. What is the hundreds digit of d(6)?
5
Suppose 134063 = 96*n - 1677666 + 83921. What is the ten thousands digit of n?
1
Suppose g - 56908 = -4*m, -5*g = -5*m + 18189 - 302704. What is the ten thousands digit of g?
5
Suppose 7*p + 450 = -8*p. Let a be (2 - (-24)/(-10))/(3/p). Suppose -a*m - m + 380 = 0. What is the units digit of m?
6
Let t = 193 + -201. What is the units digit of 97 + (-2)/t*4 + -5?
3
Suppose -3*s = -m - 7, 3*m + s - 11 = -m. Let a(i) be the second derivative of 17*i**4/6 + i**3 - 4*i**2 + 7*i. What is the units digit of a(m)?
0
Let k = -85208 - -165868. What is the ten thousands digit of k?
8
Suppose 145*m + 1302 = 151*m. What is the hundreds digit of m?
2
What is the units digit of (-106390)/(-6) - (-12)/30*190/57?
3
Suppose -2*r = -5*b + 334298, -811*r - 66844 = -b - 808*r. What is the thousands digit of b?
6
Let a = -1148 + 1826. Let k = a - 63. What is the hundreds digit of k?
6
Let x be (-57)/(-76) + 4750/(-8). Let z = -208 - x. What is the tens digit of z?
8
Let t(u) = -39*u**2 - 1439*u + 29. What is the tens digit of t(-35)?
1
Let q be (1 + 4)*(-13 + (10 - -4)). Let c(x) = 4*x**3 - 8*x**2 - 10*x + 50. What is the tens digit of c(q)?
0
Suppose -2*x = -0*x - 124. Suppose -4*g - g + 4*z = -x, g = z + 13. What is the tens digit of 226/14 - g/70?
1
Suppose 0 = 3*v + 3*o - 108, -2*v - 5*o - 20 = -101. Suppose v*a - 25*a = 240. Suppose a*p + 40 = 35*p. What is the units digit of p?
8
Let m(r) = r**2 + 14*r + 14. Let c be m(-13). Let u be (0 + 0)/c + -111. What is the hundreds digit of 10/3*u/(-2)?
1
Let g = 37 - 34. Suppose g*f = -4*i + 8, 0 = 2*f + 2*f. Suppose i*j = -3*j + 150. What is the tens digit of j?
3
Let b be 2 - (0/4 + 75). Let f be (-10)/(-25) - b/5. What is the units digit of (54/f)/(14/35)?
9
Suppose -9*s - 3*a - 2496 = -8*s, -7474 = 3*s + 2*a. Let f = s + 4090. What is the hundreds digit of f?
6
Let q(f) = 43*f**3 + 3*f + 2. Let h(y) = 128*y**3 + 10*y + 7. Let s(p) = -2*h(p) + 7*q(p). Let u be s(1). Suppose 3*x = 2*x + u. What is the units digit of x?
6
Suppose -5*w - 4*m + 35 = 0, w + 2*m = -4*w + 25. Suppose 2*z - n - 2458 = -0*n, 4*z = w*n + 4912. What is the tens digit of z?
3
Suppose -y + 0*y = -10. Let q(b) be the first derivative of -b**2/2 + 11*b - 525. What is the units digit of q(y)?
1
Suppose -5*l - 14*l + 812231 = 114*l. What is the thousands digit of l?
6
Suppose 106*g - 129456 = 58*g. What is the thousands digit of g?
2
Suppose -186*g + 25060608 = 169*g + 83*g. What is the tens digit of g?
1
Let y = -28079 + 66748. What is the ten thousands digit of y?
3
Suppose 0 = -2*v - 8, 3*v - 80799 = -9*g - 0*v. What is the tens digit of g?
7
What is the thousands digit of 84500/13 + (-13 - -14)?
6
Let f be 19/((-1463)/22) - 326/(-14). Suppose f*l = -2*o + 21*l + 280, -o + 120 = 5*l. What is the hundreds digit of o?
1
What is the thousands digit of 42/(-15)*2018500/(-200)?
8
Suppose 51662 = 16*f - 9362. What is the thousands digit of f?
3
Let w be -10*(-5)/(-50)*-2. Suppose w*b = -12 - 6. Let k(z) = z**2 - 13. What is the tens digit of k(b)?
6
Suppose 3*y + 98 = 5*y. Suppose 0 = -8*v + 47 + y. Suppose -q + 5*g + 5 - v = 0, 3*g + 57 = 4*q. What is the tens digit of q?
1
Let q = -55 + 58. Suppose 4*t + 356 = b, -t + 8 = -q*t. What is the units digit of b?
0
What is the thousands digit of 8/14 + 119776/14?
8
Let t = 6899 - 4065. Suppose 4*y - t = -3*x, y - 2*y - 5*x + 700 = 0. What is the units digit of y?
0
Let b(z) = -11644*z**3 - 2*z**2 - 24*z - 22. What is the tens digit of b(-1)?
4
Let o = 82 - 89. Let m = o + 12. What is the units digit of 7 - 25/m - -165?
7
Let v = 9 + 5. Let m = 79 - -503. Suppose -8*d - m = -v*d. What is the tens digit of d?
9
What is the hundreds digit of (-6)/138 + (-37260344)/(-506)?
6
Suppose 4*f + 33*g = 35*g + 98946, -2*f - 2*g = -49476. What is the units digit of f?
7
Let o(b) = -19*b**2 + 10*b + 16. Let z be o(-2). Let i = 206 + z. What is the units digit of i?
6
Let s(q) = 4*q**2 + 8*q - 71. Let n be s(5). Let r = 198 - n. What is the hundreds digit of r?
1
Let q = 10 - 22. Let r be q/10*(-400)/30. Let y(u) = 5*u - 44. What is the units digit of y(r)?
6
Let m be (32 - 1450) + -3 + -1*1. Let o be m/21 - (-4)/(-14). Let r = o + 160. What is the units digit of r?
2
Suppose -2*x + 7 = 23. Let a = x + 11. Suppose k = 5*p - 885, 0 = -2*p - 2*k + a*k + 354. What is the tens digit of p?
7
Let c be (2 + 0)*(-6)/(-30)*5. What is the units digit of 489 - c - (2 + -3 + -1)?
9
Suppose 0*u - f = 3*u - 9, -2*u - 2*f = -2. Let v(h) = -4*h + 20. Let b(p) = -p + 1. Let i(r) = u*b(r) - 2*v(r). What is the units digit of i(15)?
4
Suppose 0 = 5*q - 4*k - 33, 5*q + 7*k - 3*k = 17. Suppose -2*t - 3*o = -1486, 3*o - 561 = q*t - 4276. What is the tens digit of t?
4
Suppose 46 - 14 = -2*t. Let m = 17 - 40. Let a = t - m. What is the units digit of a?
7
Let v(c) = 4*c**3 - 9*c**2 + 3*c - 2. Let n be v(2). Let a(x) = x**3 + 10. What is the tens digit of a(n)?
1
Suppose 17*x = 15*x - 12. Let z be 15/(135/(-6)) + (-22)/x. Suppose 5*v - 655 = -5*u, -u = z*u + 5*v - 525. What is the hundreds digit of u?
1
Let v(b) = 481*b + 529. What is the units digit of v(37)?
6
What is the tens digit of (16/(-40))/((-66)/(-55))*-3150?
5
Suppose -83*j - 3*q = -78*j - 62696, 37638 = 3*j - 5*q. What is the hundreds digit of j?
5
Let d(r) = -445*r**3 + 16. What is the tens digit of d(-3)?
3
Let r(i) = 3*i**2 + i + 24. Let j be r(0). Suppose j + 73 = l. What is the units digit of l?
7
Let g(r) = r**3 + 29*r**2 + 40*r - 515. What is the units digit of g(20)?
5
What is the thousands digit of -17 + 2865168/400 + 4/50?
7
Suppose 38027 = -169*r + 171*r + m, -5*m + 18982 = r. What is the units digit of r?
7
What is the thousands digit of (2652/9)/13*477?
0
Suppose 0 = -18*g - 130 - 410. Let o = 179 - g. What is the units 